{"id":8,"date":"2024-05-14T00:17:08","date_gmt":"2024-05-14T00:17:08","guid":{"rendered":"https:\/\/mnmarketingagency.net\/eventospanama\/?page_id=8"},"modified":"2025-05-07T18:15:21","modified_gmt":"2025-05-07T18:15:21","slug":"servicios","status":"publish","type":"page","link":"https:\/\/mnmarketingagency.net\/eventospanama\/servicios\/","title":{"rendered":"SERVICIOS"},"content":{"rendered":"\n<ul class=\"wp-block-list\">\n<li><a href=\"https:\/\/mnmarketingagency.net\/eventospanama\/activaciones-de-marca\/\">ACTIVACIONES DE MARCAS<\/a><\/li>\n\n\n\n<li><a href=\"https:\/\/mnmarketingagency.net\/eventospanama\/eventos-corporativos\/\">EVENTOS CORPORATIVOS<\/a><\/li>\n\n\n\n<li><a href=\"https:\/\/mnmarketingagency.net\/eventospanama\/fiestas-de-fin-de-ano-y-lanzamientos-de-producto\/\">FIESTAS DE FIN DE A\u00d1O Y LANZAMIENTOS DE PRODUCTO<\/a><\/li>\n\n\n\n<li><a href=\"https:\/\/mnmarketingagency.net\/eventospanama\/team-building\/\">TEAM BUILDING<\/a><\/li>\n\n\n\n<li><a href=\"https:\/\/mnmarketingagency.net\/eventospanama\/produccion-eventos\/\">PRODUCCI\u00d3N DE EVENTOS<\/a><\/li>\n\n\n\n<li><a href=\"https:\/\/mnmarketingagency.net\/eventospanama\/entretenimiento-shows\/\">ENTRETENIMIENTOS Y SHOWS<\/a><\/li>\n\n\n\n<li><a href=\"https:\/\/mnmarketingagency.net\/eventospanama\/wedding-planner\/\">WEDDING PLANNER<\/a><\/li>\n<\/ul>\n","protected":false},"excerpt":{"rendered":"","protected":false},"author":2,"featured_media":0,"parent":0,"menu_order":0,"comment_status":"closed","ping_status":"closed","template":"","meta":{"site-sidebar-layout":"default","site-content-layout":"","ast-site-content-layout":"","site-content-style":"default","site-sidebar-style":"default","ast-global-header-display":"","ast-banner-title-visibility":"","ast-main-header-display":"","ast-hfb-above-header-display":"","ast-hfb-below-header-display":"","ast-hfb-mobile-header-display":"","site-post-title":"","ast-breadcrumbs-content":"","ast-featured-img":"","footer-sml-layout":"","theme-transparent-header-meta":"","adv-header-id-meta":"","stick-header-meta":"","header-above-stick-meta":"","header-main-stick-meta":"","header-below-stick-meta":"","astra-migrate-meta-layouts":"default","ast-page-background-enabled":"default","ast-page-background-meta":{"desktop":{"background-color":"var(--ast-global-color-4)","background-image":"","background-repeat":"repeat","background-position":"center center","background-size":"auto","background-attachment":"scroll","background-type":"","background-media":"","overlay-type":"","overlay-color":"","overlay-opacity":"","overlay-gradient":""},"tablet":{"background-color":"","background-image":"","background-repeat":"repeat","background-position":"center center","background-size":"auto","background-attachment":"scroll","background-type":"","background-media":"","overlay-type":"","overlay-color":"","overlay-opacity":"","overlay-gradient":""},"mobile":{"background-color":"","background-image":"","background-repeat":"repeat","background-position":"center center","background-size":"auto","background-attachment":"scroll","background-type":"","background-media":"","overlay-type":"","overlay-color":"","overlay-opacity":"","overlay-gradient":""}},"ast-content-background-meta":{"desktop":{"background-color":"var(--ast-global-color-5)","background-image":"","background-repeat":"repeat","background-position":"center center","background-size":"auto","background-attachment":"scroll","background-type":"","background-media":"","overlay-type":"","overlay-color":"","overlay-opacity":"","overlay-gradient":""},"tablet":{"background-color":"var(--ast-global-color-5)","background-image":"","background-repeat":"repeat","background-position":"center center","background-size":"auto","background-attachment":"scroll","background-type":"","background-media":"","overlay-type":"","overlay-color":"","overlay-opacity":"","overlay-gradient":""},"mobile":{"background-color":"var(--ast-global-color-5)","background-image":"","background-repeat":"repeat","background-position":"center center","background-size":"auto","background-attachment":"scroll","background-type":"","background-media":"","overlay-type":"","overlay-color":"","overlay-opacity":"","overlay-gradient":""}},"footnotes":""},"class_list":["post-8","page","type-page","status-publish","hentry"],"yoast_head":"<!-- This site is optimized with the Yoast SEO plugin v27.0 - https:\/\/yoast.com\/product\/yoast-seo-wordpress\/ -->\n<title>SERVICIOS - MN Marketing Panam\u00e1 - Agencia de Eventos y Comunicaci\u00f3n en Panam\u00e1<\/title>\n<meta name=\"robots\" content=\"index, follow, max-snippet:-1, max-image-preview:large, max-video-preview:-1\" \/>\n<link rel=\"canonical\" href=\"https:\/\/mnmarketingagency.net\/eventospanama\/servicios\/\" \/>\n<meta property=\"og:locale\" content=\"es_ES\" \/>\n<meta property=\"og:type\" content=\"article\" \/>\n<meta property=\"og:title\" content=\"SERVICIOS - MN Marketing Panam\u00e1 - Agencia de Eventos y Comunicaci\u00f3n en Panam\u00e1\" \/>\n<meta property=\"og:url\" content=\"https:\/\/mnmarketingagency.net\/eventospanama\/servicios\/\" \/>\n<meta property=\"og:site_name\" content=\"MN Marketing Panam\u00e1 - Agencia de Eventos y Comunicaci\u00f3n en Panam\u00e1\" \/>\n<meta property=\"article:publisher\" content=\"https:\/\/web.facebook.com\/people\/MNMarketingevents\/100064554894710\/?_rdc=1&amp;_rdr#\" \/>\n<meta property=\"article:modified_time\" content=\"2025-05-07T18:15:21+00:00\" \/>\n<meta name=\"twitter:card\" content=\"summary_large_image\" \/>\n<meta name=\"twitter:label1\" content=\"Tiempo de lectura\" \/>\n\t<meta name=\"twitter:data1\" content=\"1 minuto\" \/>\n<script type=\"application\/ld+json\" class=\"yoast-schema-graph\">{\"@context\":\"https:\/\/schema.org\",\"@graph\":[{\"@type\":\"WebPage\",\"@id\":\"https:\/\/mnmarketingagency.net\/eventospanama\/servicios\/\",\"url\":\"https:\/\/mnmarketingagency.net\/eventospanama\/servicios\/\",\"name\":\"SERVICIOS - MN Marketing Panam\u00e1 - Agencia de Eventos y Comunicaci\u00f3n en Panam\u00e1\",\"isPartOf\":{\"@id\":\"https:\/\/mnmarketingagency.net\/eventospanama\/#website\"},\"datePublished\":\"2024-05-14T00:17:08+00:00\",\"dateModified\":\"2025-05-07T18:15:21+00:00\",\"breadcrumb\":{\"@id\":\"https:\/\/mnmarketingagency.net\/eventospanama\/servicios\/#breadcrumb\"},\"inLanguage\":\"es\",\"potentialAction\":[{\"@type\":\"ReadAction\",\"target\":[\"https:\/\/mnmarketingagency.net\/eventospanama\/servicios\/\"]}]},{\"@type\":\"BreadcrumbList\",\"@id\":\"https:\/\/mnmarketingagency.net\/eventospanama\/servicios\/#breadcrumb\",\"itemListElement\":[{\"@type\":\"ListItem\",\"position\":1,\"name\":\"Portada\",\"item\":\"https:\/\/mnmarketingagency.net\/eventospanama\/\"},{\"@type\":\"ListItem\",\"position\":2,\"name\":\"SERVICIOS\"}]},{\"@type\":\"WebSite\",\"@id\":\"https:\/\/mnmarketingagency.net\/eventospanama\/#website\",\"url\":\"https:\/\/mnmarketingagency.net\/eventospanama\/\",\"name\":\"MN Marketing Panam\u00e1 - Agencia de Eventos y Comunicaci\u00f3n en Panam\u00e1\",\"description\":\"Organizaci\u00f3n de Conferencias, Lanzamientos de productos, Reuniones B2B, Congresos, Activaciones BTL, Eventos Sociales en Panam\u00e1\",\"publisher\":{\"@id\":\"https:\/\/mnmarketingagency.net\/eventospanama\/#organization\"},\"potentialAction\":[{\"@type\":\"SearchAction\",\"target\":{\"@type\":\"EntryPoint\",\"urlTemplate\":\"https:\/\/mnmarketingagency.net\/eventospanama\/?s={search_term_string}\"},\"query-input\":{\"@type\":\"PropertyValueSpecification\",\"valueRequired\":true,\"valueName\":\"search_term_string\"}}],\"inLanguage\":\"es\"},{\"@type\":\"Organization\",\"@id\":\"https:\/\/mnmarketingagency.net\/eventospanama\/#organization\",\"name\":\"MN Marketing Panam\u00e1 - Agencia de Eventos y Comunicaci\u00f3n en Panam\u00e1\",\"url\":\"https:\/\/mnmarketingagency.net\/eventospanama\/\",\"logo\":{\"@type\":\"ImageObject\",\"inLanguage\":\"es\",\"@id\":\"https:\/\/mnmarketingagency.net\/eventospanama\/#\/schema\/logo\/image\/\",\"url\":\"https:\/\/mnmarketingagency.net\/eventospanama\/wp-content\/uploads\/2024\/04\/mnmarketing-logo-panama-1.png\",\"contentUrl\":\"https:\/\/mnmarketingagency.net\/eventospanama\/wp-content\/uploads\/2024\/04\/mnmarketing-logo-panama-1.png\",\"width\":246,\"height\":110,\"caption\":\"MN Marketing Panam\u00e1 - Agencia de Eventos y Comunicaci\u00f3n en Panam\u00e1\"},\"image\":{\"@id\":\"https:\/\/mnmarketingagency.net\/eventospanama\/#\/schema\/logo\/image\/\"},\"sameAs\":[\"https:\/\/web.facebook.com\/people\/MNMarketingevents\/100064554894710\/?_rdc=1&_rdr#\",\"https:\/\/www.instagram.com\/mnmarketingevents\"]}]}<\/script>\n<!-- \/ Yoast SEO plugin. -->","yoast_head_json":{"title":"SERVICIOS - MN Marketing Panam\u00e1 - Agencia de Eventos y Comunicaci\u00f3n en Panam\u00e1","robots":{"index":"index","follow":"follow","max-snippet":"max-snippet:-1","max-image-preview":"max-image-preview:large","max-video-preview":"max-video-preview:-1"},"canonical":"https:\/\/mnmarketingagency.net\/eventospanama\/servicios\/","og_locale":"es_ES","og_type":"article","og_title":"SERVICIOS - MN Marketing Panam\u00e1 - Agencia de Eventos y Comunicaci\u00f3n en Panam\u00e1","og_url":"https:\/\/mnmarketingagency.net\/eventospanama\/servicios\/","og_site_name":"MN Marketing Panam\u00e1 - Agencia de Eventos y Comunicaci\u00f3n en Panam\u00e1","article_publisher":"https:\/\/web.facebook.com\/people\/MNMarketingevents\/100064554894710\/?_rdc=1&_rdr#","article_modified_time":"2025-05-07T18:15:21+00:00","twitter_card":"summary_large_image","twitter_misc":{"Tiempo de lectura":"1 minuto"},"schema":{"@context":"https:\/\/schema.org","@graph":[{"@type":"WebPage","@id":"https:\/\/mnmarketingagency.net\/eventospanama\/servicios\/","url":"https:\/\/mnmarketingagency.net\/eventospanama\/servicios\/","name":"SERVICIOS - MN Marketing Panam\u00e1 - Agencia de Eventos y Comunicaci\u00f3n en Panam\u00e1","isPartOf":{"@id":"https:\/\/mnmarketingagency.net\/eventospanama\/#website"},"datePublished":"2024-05-14T00:17:08+00:00","dateModified":"2025-05-07T18:15:21+00:00","breadcrumb":{"@id":"https:\/\/mnmarketingagency.net\/eventospanama\/servicios\/#breadcrumb"},"inLanguage":"es","potentialAction":[{"@type":"ReadAction","target":["https:\/\/mnmarketingagency.net\/eventospanama\/servicios\/"]}]},{"@type":"BreadcrumbList","@id":"https:\/\/mnmarketingagency.net\/eventospanama\/servicios\/#breadcrumb","itemListElement":[{"@type":"ListItem","position":1,"name":"Portada","item":"https:\/\/mnmarketingagency.net\/eventospanama\/"},{"@type":"ListItem","position":2,"name":"SERVICIOS"}]},{"@type":"WebSite","@id":"https:\/\/mnmarketingagency.net\/eventospanama\/#website","url":"https:\/\/mnmarketingagency.net\/eventospanama\/","name":"MN Marketing Panam\u00e1 - Agencia de Eventos y Comunicaci\u00f3n en Panam\u00e1","description":"Organizaci\u00f3n de Conferencias, Lanzamientos de productos, Reuniones B2B, Congresos, Activaciones BTL, Eventos Sociales en Panam\u00e1","publisher":{"@id":"https:\/\/mnmarketingagency.net\/eventospanama\/#organization"},"potentialAction":[{"@type":"SearchAction","target":{"@type":"EntryPoint","urlTemplate":"https:\/\/mnmarketingagency.net\/eventospanama\/?s={search_term_string}"},"query-input":{"@type":"PropertyValueSpecification","valueRequired":true,"valueName":"search_term_string"}}],"inLanguage":"es"},{"@type":"Organization","@id":"https:\/\/mnmarketingagency.net\/eventospanama\/#organization","name":"MN Marketing Panam\u00e1 - Agencia de Eventos y Comunicaci\u00f3n en Panam\u00e1","url":"https:\/\/mnmarketingagency.net\/eventospanama\/","logo":{"@type":"ImageObject","inLanguage":"es","@id":"https:\/\/mnmarketingagency.net\/eventospanama\/#\/schema\/logo\/image\/","url":"https:\/\/mnmarketingagency.net\/eventospanama\/wp-content\/uploads\/2024\/04\/mnmarketing-logo-panama-1.png","contentUrl":"https:\/\/mnmarketingagency.net\/eventospanama\/wp-content\/uploads\/2024\/04\/mnmarketing-logo-panama-1.png","width":246,"height":110,"caption":"MN Marketing Panam\u00e1 - Agencia de Eventos y Comunicaci\u00f3n en Panam\u00e1"},"image":{"@id":"https:\/\/mnmarketingagency.net\/eventospanama\/#\/schema\/logo\/image\/"},"sameAs":["https:\/\/web.facebook.com\/people\/MNMarketingevents\/100064554894710\/?_rdc=1&_rdr#","https:\/\/www.instagram.com\/mnmarketingevents"]}]}},"_links":{"self":[{"href":"https:\/\/mnmarketingagency.net\/eventospanama\/wp-json\/wp\/v2\/pages\/8","targetHints":{"allow":["GET"]}}],"collection":[{"href":"https:\/\/mnmarketingagency.net\/eventospanama\/wp-json\/wp\/v2\/pages"}],"about":[{"href":"https:\/\/mnmarketingagency.net\/eventospanama\/wp-json\/wp\/v2\/types\/page"}],"author":[{"embeddable":true,"href":"https:\/\/mnmarketingagency.net\/eventospanama\/wp-json\/wp\/v2\/users\/2"}],"replies":[{"embeddable":true,"href":"https:\/\/mnmarketingagency.net\/eventospanama\/wp-json\/wp\/v2\/comments?post=8"}],"version-history":[{"count":4,"href":"https:\/\/mnmarketingagency.net\/eventospanama\/wp-json\/wp\/v2\/pages\/8\/revisions"}],"predecessor-version":[{"id":763,"href":"https:\/\/mnmarketingagency.net\/eventospanama\/wp-json\/wp\/v2\/pages\/8\/revisions\/763"}],"wp:attachment":[{"href":"https:\/\/mnmarketingagency.net\/eventospanama\/wp-json\/wp\/v2\/media?parent=8"}],"curies":[{"name":"wp","href":"https:\/\/api.w.org\/{rel}","templated":true}]}}